 of 325 and 741?
13
Calculate the greatest common factor of 5 and 5.
5
Calculate the highest common factor of 154 and 28.
14
What is the highest common factor of 3610 and 25?
5
What is the highest common divisor of 62 and 217?
31
What is the greatest common divisor of 1572 and 96?
12
Calculate the greatest common factor of 5 and 305.
5
Calculate the highest common divisor of 702 and 4.
2
Calculate the highest common divisor of 154 and 10703.
77
Calculate the highest common divisor of 2352 and 96.
48
Calculate the greatest common divisor of 442 and 68.
34
Calculate the greatest common divisor of 160 and 440.
40
Calculate the highest common divisor of 77 and 396.
11
What is the greatest common divisor of 120 and 255?
15
What is the highest common factor of 1425 and 30?
15
What is the highest common factor of 7322 and 140?
14
What is the greatest common divisor of 1098 and 108?
18
What is the greatest common factor of 100 and 650?
50
Calculate the highest common factor of 272 and 204.
68
What is the highest common divisor of 1591 and 43?
43
What is the greatest common factor of 48 and 5592?
24
Calculate the greatest common divisor of 2752 and 43.
43
What is the highest common divisor of 2038 and 2?
2
Calculate the highest common divisor of 1760 and 55.
55
What is the greatest common divisor of 290 and 4959?
29
Calculate the highest common divisor of 2456 and 4.
4
Calculate the highest common divisor of 3 and 12771.
3
Calculate the greatest common divisor of 18 and 126.
18
Calculate the greatest common divisor of 64 and 1208.
8
Calculate the highest common factor of 26 and 208.
26
Calculate the greatest common divisor of 45 and 45.
45
Calculate the greatest common factor of 816 and 20.
4
What is the highest common divisor of 2160 and 108?
108
Calculate the highest common divisor of 378 and 72.
18
What is the greatest common factor of 8 and 792?
8
Calculate the greatest common factor of 42 and 14.
14
What is the highest common factor of 635 and 25?
5
What is the highest common divisor of 28 and 436?
4
Calculate the greatest common factor of 792 and 1881.
99
What is the greatest common factor of 754 and 442?
26
Calculate the highest common factor of 8 and 676.
4
Calculate the greatest common divisor of 128 and 160.
32
What is the highest common factor of 446 and 22?
2
Calculate the greatest common factor of 1532 and 10.
2
Calculate the highest common divisor of 684 and 4608.
36
What is the highest common divisor of 16 and 1712?
16
What is the greatest common factor of 128 and 208?
16
What is the highest common divisor of 100 and 4300?
100
What is the greatest common divisor of 220 and 100?
20
Calculate the highest common divisor of 5859 and 27.
27
What is the highest common factor of 655 and 131?
131
Calculate the greatest common factor of 160 and 20.
20
What is the highest common divisor of 4730 and 110?
110
Calculate the highest common factor of 12 and 232.
4
What is the greatest common divisor of 6 and 64?
2
What is the highest common factor of 32 and 112?
16
What is the highest common divisor of 395 and 316?
79
Calculate the highest common divisor of 275 and 11.
11
What is the highest common factor of 215 and 10?
5
What is the highest common factor of 12 and 4?
4
What is the highest common factor of 26 and 832?
26
What is the highest common divisor of 14 and 1148?
14
Calculate the greatest common factor of 578 and 2210.
34
What is the greatest common factor of 28 and 20?
4
Calculate the greatest common factor of 60 and 2505.
15
What is the greatest common divisor of 36 and 7794?
18
What is the highest common divisor of 20 and 180?
20
What is the greatest common divisor of 35 and 315?
35
Calculate the greatest common factor of 1545 and 3.
3
What is the highest common factor of 2 and 3494?
2
What is the greatest common divisor of 72 and 312?
24
What is the greatest common divisor of 459 and 17?
17
Calculate the highest common factor of 10 and 1270.
10
What is the greatest common factor of 48 and 1648?
16
What is the greatest common factor of 273 and 63?
21
What is the greatest common factor of 3852 and 1008?
36
Calculate the highest common divisor of 120 and 1000.
40
Calculate the highest common divisor of 5075 and 40.
5
Calculate the highest common divisor of 22 and 1837.
11
What is the greatest common divisor of 126 and 210?
42
Calculate the highest common divisor of 57 and 247.
19
What is the greatest common divisor of 1269 and 94?
47
Calculate the greatest common factor of 845 and 975.
65
Calculate the highest common divisor of 470 and 10.
10
What is the highest common divisor of 36 and 252?
36
What is the highest common factor of 103 and 3?
1
Calculate the highest common divisor of 1150 and 30.
10
What is the greatest common divisor of 306 and 17?
17
Calculate the highest common factor of 24 and 324.
12
Calculate the greatest common divisor of 598 and 46.
46
Calculate the greatest common divisor of 512 and 88.
8
Calculate the greatest common divisor of 10 and 1010.
10
Calculate the greatest common factor of 144 and 192.
48
What is the greatest common factor of 1125 and 50?
25
Calculate the greatest common factor of 205 and 135.
5
What is the highest common divisor of 28 and 92?
4
Calculate the highest common factor of 6 and 39.
3
Calculate the greatest common factor of 15 and 1965.
15
Calculate the greatest common divisor of 231 and 21.
21
What is the highest common divisor of 96 and 18?
6
Calculate the highest common divisor of 1921 and 119.
17
Calculate the greatest common divisor of 252 and 24.
12
What is the highest common divisor of 22 and 110?
22
What is the highest common divisor of 1140 and 60?
60
What is the highest common divisor of 760 and 100?
20
Calculate the highest common divisor of 117 and 39.
39
Calculate the highest common divisor of 637 and 1248.
13
What is the greatest common factor of 275 and 2090?
55
What is the highest common divisor of 102 and 4471?
17
What is the highest common divisor of 44 and 2036?
4
What is the highest common factor of 7936 and 93?
31
What is the highest common factor of 245 and 147?
49
What is the greatest common factor of 1730 and 10?
10
Calculate the highest common divisor of 7599 and 34.
17
What is the greatest common divisor of 39429 and 117?
117
What is the greatest common factor of 833 and 637?
49
What is the highest common divisor of 52 and 91?
13
Calculate the greatest common factor of 376 and 47.
47
What is the highest common divisor of 192 and 12?
12
Calculate the highest common divisor of 950 and 100.
50
What is the highest common factor of 114 and 4?
2
What is the highest common divisor of 35 and 5509?
7
What is the greatest common divisor of 2826 and 342?
18
Calculate the highest common divisor of 343 and 539.
49
What is the highest common factor of 108 and 1269?
27
What is the highest common factor of 30065 and 35?
35
What is the greatest common divisor of 275 and 200?
25
Calculate the highest common divisor of 1725 and 69.
69
Calculate the greatest common factor of 94 and 26.
2
What is the greatest common divisor of 39 and 299?
13
Calculate the greatest common factor of 38 and 4655.
19
Calculate the highest common divisor of 43 and 43.
43
Calculate the highest common factor of 2479 and 185.
37
What is the highest common factor of 400 and 5?
5
Calculate the greatest common divisor of 619 and 6.
1
Calculate the greatest common factor of 8692 and 636.
212
Calculate the greatest common factor of 55 and 6875.
55
Calculate the highest common factor of 49 and 21.
7
What is the highest common factor of 486 and 6?
6
Calculate the highest common factor of 11 and 1639.
11
Calculate the greatest common divisor of 12572 and 4.
4
What is the highest common factor of 8 and 20?
4
Calculate the highest common divisor of 1664 and 152.
8
What is the highest common divisor of 63 and 12726?
63
Calculate the highest common divisor of 4 and 44.
4
Calculate the greatest common factor of 3 and 321.
3
What is the highest common divisor of 2814 and 84?
42
Calculate the highest common factor of 336 and 70.
14
Calculate the greatest common divisor of 237 and 79.
79
What is the highest common divisor of 68 and 38862?
34
Calculate the highest common factor of 84 and 3024.
84
What is the greatest common fact